{"id":304,"date":"2015-12-01T19:48:34","date_gmt":"2015-12-01T18:48:34","guid":{"rendered":"http:\/\/gartenkoelsch.de\/?page_id=304"},"modified":"2015-12-04T19:42:19","modified_gmt":"2015-12-04T18:42:19","slug":"november-2015-hessisches-umweltministerium-foerdert-den-garten-koelsch","status":"publish","type":"page","link":"https:\/\/gartenkoelsch.de\/?page_id=304","title":{"rendered":"November 2015: Hessisches Umweltministerium f\u00f6rdert den Garten K\u00f6lsch"},"content":{"rendered":"<p>Vor wenigen Tagen \u00fcberbrachte Herr Albert Langsdorf von der Naturschutz-Akademie Hessen der Pflegegruppe \u201eGarten K\u00f6lsch\u201c einen F\u00f6rderbescheid aus dem Hessischen Umweltministerium.<br \/>\nVor Ort mit trafen sich mit Herrn Langsdorf einige Mitglieder der Pflegegruppe,desOrtsbeirats und Mitarbeiter des st\u00e4dtischen Bauhofs. Die B\u00fcdinger Gartenarchitektin Anette Sch\u00f6tt beschrieb das Konzept f\u00fcr die Pflege des K\u00f6lsch&#8217;en Gartens.\u201eUnsere Pflegegruppe trifft sich regelm\u00e4\u00dfig und h\u00e4lt den Garten in Ordnung. Vorrang hier haben heimische Geh\u00f6lze, Stauden und andere Pflanzen. Die F\u00f6rderung des Landes Hessen hilft uns nicht allein bei deren Anschaffung. Genau so wichtig ist es, das Wissen um Pflege und m\u00f6gliche Standorte zu verbreiten. Deshalb wollen wir in n\u00e4chster Zeit Mitglieder unserer Gruppe und st\u00e4dtische G\u00e4rtner zu Fortbildungsveranstaltungen einladen\u201c.<\/p>\n<div id=\"attachment_305\" style=\"width: 635px\" class=\"wp-caption alignnone\"><a href=\"http:\/\/gartenkoelsch.de\/wp-content\/uploads\/2015\/12\/OBR-Garten-K\u00f6lsch_11_15.jpg\"><img loading=\"lazy\" decoding=\"async\" aria-describedby=\"caption-attachment-305\" class=\"wp-image-305 size-large\" src=\"http:\/\/gartenkoelsch.de\/wp-content\/uploads\/2015\/12\/OBR-Garten-K\u00f6lsch_11_15-1024x682.jpg\" alt=\"OBR Garten K\u00f6lsch_11_15\" width=\"625\" height=\"416\" srcset=\"https:\/\/gartenkoelsch.de\/wp-content\/uploads\/2015\/12\/OBR-Garten-K\u00f6lsch_11_15-1024x682.jpg 1024w, https:\/\/gartenkoelsch.de\/wp-content\/uploads\/2015\/12\/OBR-Garten-K\u00f6lsch_11_15-300x200.jpg 300w, https:\/\/gartenkoelsch.de\/wp-content\/uploads\/2015\/12\/OBR-Garten-K\u00f6lsch_11_15-624x416.jpg 624w\" sizes=\"auto, (max-width: 625px) 100vw, 625px\" \/><\/a><p id=\"caption-attachment-305\" class=\"wp-caption-text\">Bei der \u00dcbergabe des F\u00f6rderbescheids trafen sich im K\u00f6l&#8217;schen Garten v.L. Annette Sch\u00f6tt, Albert Langsdorf, Angeh\u00f6rige der Pflegegruppe, des Ortsbeirats und Mitarbeiter des st\u00e4dtischen Bauhofs.<\/p><\/div>\n<p>Ortsvorsteher Dieter Jentzsch und seine Stellvertreterin Sabine Kraft-Marhenke besprachen gemeinsam mit Anette Sch\u00f6tt und Albert Langsdorf die Pl\u00e4ne und F\u00f6rderm\u00f6glichkeiten durch das Land Hessen. \u201eWir sind froh \u00fcber den Einsatz der Pflegegruppe. Durch den uneigenn\u00fctzigen Einsatz wird mitten in der B\u00fcdinger Altstadt ein Schmuckst\u00fcck erhalten und fortentwickelt\u201c freut sich der Ortsvorsteher. \u201eDie Mitarbeiter des st\u00e4dischen Bauhofes helfen der Pflegegruppe jederzeit, daf\u00fcr sind wir sehr dankbar,\u201c unterstrich Anette Sch\u00f6tt. Am Garten K\u00f6lsch zeige sich, wie wichtig der Einsatz ausgebildeter G\u00e4rtner beim st\u00e4dtischen Bauhof sei.<br \/>\n\u201eWir vom B\u00fcdinger Ortsbeirat werden mit der Pflegegruppe und Herrn Langsdorf in engem Kontakt bleiben. Herr Langsdorf hat uns einige M\u00f6glichkeiten genannt, wie der Einsatz heimischer Geh\u00f6lze und Pflanzen auch an anderen Stellen in B\u00fcdingen gef\u00f6rdert werden kann.\u201c, fasste der Ortsvorsteher zum Schlu\u00df des Treffens zusammen.<\/p>\n","protected":false},"excerpt":{"rendered":"<p>Vor wenigen Tagen \u00fcberbrachte Herr Albert Langsdorf von der Naturschutz-Akademie Hessen der Pflegegruppe \u201eGarten K\u00f6lsch\u201c einen F\u00f6rderbescheid aus dem Hessischen Umweltministerium. Vor Ort mit trafen sich mit Herrn Langsdorf einige Mitglieder der Pflegegruppe,desOrtsbeirats und Mitarbeiter des st\u00e4dtischen Bauhofs. Die B\u00fcdinger Gartenarchitektin Anette Sch\u00f6tt beschrieb das Konzept f\u00fcr die Pflege des K\u00f6lsch&#8217;en Gartens.\u201eUnsere Pflegegruppe trifft sich [&hellip;]<\/p>\n","protected":false},"author":1,"featured_media":0,"parent":0,"menu_order":0,"comment_status":"closed","ping_status":"closed","template":"","meta":{"footnotes":""},"class_list":["post-304","page","type-page","status-publish","hentry"],"_links":{"self":[{"href":"https:\/\/gartenkoelsch.de\/index.php?rest_route=\/wp\/v2\/pages\/304","targetHints":{"allow":["GET"]}}],"collection":[{"href":"https:\/\/gartenkoelsch.de\/index.php?rest_route=\/wp\/v2\/pages"}],"about":[{"href":"https:\/\/gartenkoelsch.de\/index.php?rest_route=\/wp\/v2\/types\/page"}],"author":[{"embeddable":true,"href":"https:\/\/gartenkoelsch.de\/index.php?rest_route=\/wp\/v2\/users\/1"}],"replies":[{"embeddable":true,"href":"https:\/\/gartenkoelsch.de\/index.php?rest_route=%2Fwp%2Fv2%2Fcomments&post=304"}],"version-history":[{"count":3,"href":"https:\/\/gartenkoelsch.de\/index.php?rest_route=\/wp\/v2\/pages\/304\/revisions"}],"predecessor-version":[{"id":311,"href":"https:\/\/gartenkoelsch.de\/index.php?rest_route=\/wp\/v2\/pages\/304\/revisions\/311"}],"wp:attachment":[{"href":"https:\/\/gartenkoelsch.de\/index.php?rest_route=%2Fwp%2Fv2%2Fmedia&parent=304"}],"curies":[{"name":"wp","href":"https:\/\/api.w.org\/{rel}","templated":true}]}}