{"id":347,"date":"2016-07-21T15:16:38","date_gmt":"2016-07-21T13:16:38","guid":{"rendered":"http:\/\/gartenkoelsch.de\/?page_id=347"},"modified":"2016-07-24T13:40:19","modified_gmt":"2016-07-24T11:40:19","slug":"vormerken-23-07-2016-gailscher-park","status":"publish","type":"page","link":"https:\/\/gartenkoelsch.de\/?page_id=347","title":{"rendered":"23.07.2016 Ausflug Gail\u2018scher Park"},"content":{"rendered":"<p><a href=\"http:\/\/gartenkoelsch.de\/wp-content\/uploads\/2016\/07\/P1070460.jpg\" rel=\"attachment wp-att-392\"><img loading=\"lazy\" decoding=\"async\" class=\"alignnone size-full wp-image-392\" src=\"http:\/\/gartenkoelsch.de\/wp-content\/uploads\/2016\/07\/P1070460.jpg\" alt=\"P1070460\" width=\"630\" height=\"400\" srcset=\"https:\/\/gartenkoelsch.de\/wp-content\/uploads\/2016\/07\/P1070460.jpg 630w, https:\/\/gartenkoelsch.de\/wp-content\/uploads\/2016\/07\/P1070460-300x190.jpg 300w, https:\/\/gartenkoelsch.de\/wp-content\/uploads\/2016\/07\/P1070460-624x396.jpg 624w\" sizes=\"auto, (max-width: 630px) 100vw, 630px\" \/><\/a> <a href=\"http:\/\/gartenkoelsch.de\/wp-content\/uploads\/2016\/07\/P1070470.jpg\" rel=\"attachment wp-att-393\"><img loading=\"lazy\" decoding=\"async\" class=\"alignnone size-full wp-image-393\" src=\"http:\/\/gartenkoelsch.de\/wp-content\/uploads\/2016\/07\/P1070470.jpg\" alt=\"P1070470\" width=\"630\" height=\"400\" srcset=\"https:\/\/gartenkoelsch.de\/wp-content\/uploads\/2016\/07\/P1070470.jpg 630w, https:\/\/gartenkoelsch.de\/wp-content\/uploads\/2016\/07\/P1070470-300x190.jpg 300w, https:\/\/gartenkoelsch.de\/wp-content\/uploads\/2016\/07\/P1070470-624x396.jpg 624w\" sizes=\"auto, (max-width: 630px) 100vw, 630px\" \/><\/a> <a href=\"http:\/\/gartenkoelsch.de\/wp-content\/uploads\/2016\/07\/P1070476.jpg\" rel=\"attachment wp-att-394\"><img loading=\"lazy\" decoding=\"async\" class=\"alignnone size-large wp-image-394\" src=\"http:\/\/gartenkoelsch.de\/wp-content\/uploads\/2016\/07\/P1070476.jpg\" alt=\"P1070476\" width=\"625\" height=\"397\" srcset=\"https:\/\/gartenkoelsch.de\/wp-content\/uploads\/2016\/07\/P1070476.jpg 630w, https:\/\/gartenkoelsch.de\/wp-content\/uploads\/2016\/07\/P1070476-300x190.jpg 300w, https:\/\/gartenkoelsch.de\/wp-content\/uploads\/2016\/07\/P1070476-624x396.jpg 624w\" sizes=\"auto, (max-width: 625px) 100vw, 625px\" \/><\/a><\/p>\n<p>Bei angenehmen Temperaturen hat sich die Helfer-Gruppe am Samstag 23.07.2016 auf den Weg nach Biebertal gemacht, um den Gail&#8217;schen Park zu besichtigen.<br \/>\nGef\u00fchrt wurden wir dort von Jochen Kehm, der sich als Landschaftsarchitekt ehrenamtlich im Freundeskreis zum Erhalt des Parkes engagiert (der Verein z\u00e4hlt nicht weniger als 630 Mitglieder!)<br \/>\nEr brachte uns bei einem kurzweiligen Rundgang die Geschichte der Anlage n\u00e4her, die erst seit 2002 der \u00d6ffentlichkeit zug\u00e4nglich ist.<br \/>\nBesonders beeindruckend war die Lebens- und Liebesgeschichte von Wilhelm Gail und seiner Frau Minna, f\u00fcr die der Park Paradies und Sehnsuchtsort au\u00dferhalb der Stadt war.<\/p>\n<p>&nbsp;<\/p>\n<p><span style=\"font-family: Arial; font-size: small;\">\u00a0<\/span><\/p>\n","protected":false},"excerpt":{"rendered":"<p>Bei angenehmen Temperaturen hat sich die Helfer-Gruppe am Samstag 23.07.2016 auf den Weg nach Biebertal gemacht, um den Gail&#8217;schen Park zu besichtigen. Gef\u00fchrt wurden wir dort von Jochen Kehm, der sich als Landschaftsarchitekt ehrenamtlich im Freundeskreis zum Erhalt des Parkes engagiert (der Verein z\u00e4hlt nicht weniger als 630 Mitglieder!) Er brachte uns bei einem kurzweiligen [&hellip;]<\/p>\n","protected":false},"author":1,"featured_media":0,"parent":80,"menu_order":0,"comment_status":"closed","ping_status":"closed","template":"","meta":{"footnotes":""},"class_list":["post-347","page","type-page","status-publish","hentry"],"_links":{"self":[{"href":"https:\/\/gartenkoelsch.de\/index.php?rest_route=\/wp\/v2\/pages\/347","targetHints":{"allow":["GET"]}}],"collection":[{"href":"https:\/\/gartenkoelsch.de\/index.php?rest_route=\/wp\/v2\/pages"}],"about":[{"href":"https:\/\/gartenkoelsch.de\/index.php?rest_route=\/wp\/v2\/types\/page"}],"author":[{"embeddable":true,"href":"https:\/\/gartenkoelsch.de\/index.php?rest_route=\/wp\/v2\/users\/1"}],"replies":[{"embeddable":true,"href":"https:\/\/gartenkoelsch.de\/index.php?rest_route=%2Fwp%2Fv2%2Fcomments&post=347"}],"version-history":[{"count":8,"href":"https:\/\/gartenkoelsch.de\/index.php?rest_route=\/wp\/v2\/pages\/347\/revisions"}],"predecessor-version":[{"id":396,"href":"https:\/\/gartenkoelsch.de\/index.php?rest_route=\/wp\/v2\/pages\/347\/revisions\/396"}],"up":[{"embeddable":true,"href":"https:\/\/gartenkoelsch.de\/index.php?rest_route=\/wp\/v2\/pages\/80"}],"wp:attachment":[{"href":"https:\/\/gartenkoelsch.de\/index.php?rest_route=%2Fwp%2Fv2%2Fmedia&parent=347"}],"curies":[{"name":"wp","href":"https:\/\/api.w.org\/{rel}","templated":true}]}}

<p><a href="http://gartenkoelsch.de/wp-content/uploads/2016/07/P1070460.jpg" rel="attachment wp-att-392"><img loading="lazy" decoding="async" class="alignnone size-full wp-image-392" src="http://gartenkoelsch.de/wp-content/uploads/2016/07/P1070460.jpg" alt="P1070460" width="630" height="400" srcset="https://gartenkoelsch.de/wp-content/uploads/2016/07/P1070460.jpg 630w, https://gartenkoelsch.de/wp-content/uploads/2016/07/P1070460-300x190.jpg 300w, https://gartenkoelsch.de/wp-content/uploads/2016/07/P1070460-624x396.jpg 624w" sizes="auto, (max-width: 630px) 100vw, 630px" /></a> <a href="http://gartenkoelsch.de/wp-content/uploads/2016/07/P1070470.jpg" rel="attachment wp-att-393"><img loading="lazy" decoding="async" class="alignnone size-full wp-image-393" src="http://gartenkoelsch.de/wp-content/uploads/2016/07/P1070470.jpg" alt="P1070470" width="630" height="400" srcset="https://gartenkoelsch.de/wp-content/uploads/2016/07/P1070470.jpg 630w, https://gartenkoelsch.de/wp-content/uploads/2016/07/P1070470-300x190.jpg 300w, https://gartenkoelsch.de/wp-content/uploads/2016/07/P1070470-624x396.jpg 624w" sizes="auto, (max-width: 630px) 100vw, 630px" /></a> <a href="http://gartenkoelsch.de/wp-content/uploads/2016/07/P1070476.jpg" rel="attachment wp-att-394"><img loading="lazy" decoding="async" class="alignnone size-large wp-image-394" src="http://gartenkoelsch.de/wp-content/uploads/2016/07/P1070476.jpg" alt="P1070476" width="625" height="397" srcset="https://gartenkoelsch.de/wp-content/uploads/2016/07/P1070476.jpg 630w, https://gartenkoelsch.de/wp-content/uploads/2016/07/P1070476-300x190.jpg 300w, https://gartenkoelsch.de/wp-content/uploads/2016/07/P1070476-624x396.jpg 624w" sizes="auto, (max-width: 625px) 100vw, 625px" /></a></p>
<p>Bei angenehmen Temperaturen hat sich die Helfer-Gruppe am Samstag 23.07.2016 auf den Weg nach Biebertal gemacht, um den Gail&#8217;schen Park zu besichtigen.<br />
Geführt wurden wir dort von Jochen Kehm, der sich als Landschaftsarchitekt ehrenamtlich im Freundeskreis zum Erhalt des Parkes engagiert (der Verein zählt nicht weniger als 630 Mitglieder!)<br />
Er brachte uns bei einem kurzweiligen Rundgang die Geschichte der Anlage näher, die erst seit 2002 der Öffentlichkeit zugänglich ist.<br />
Besonders beeindruckend war die Lebens- und Liebesgeschichte von Wilhelm Gail und seiner Frau Minna, für die der Park Paradies und Sehnsuchtsort außerhalb der Stadt war.</p>
<p>&nbsp;</p>
<p><span style="font-family: Arial; font-size: small;"> </span></p>

<p>Bei angenehmen Temperaturen hat sich die Helfer-Gruppe am Samstag 23.07.2016 auf den Weg nach Biebertal gemacht, um den Gail&#8217;schen Park zu besichtigen. Geführt wurden wir dort von Jochen Kehm, der sich als Landschaftsarchitekt ehrenamtlich im Freundeskreis zum Erhalt des Parkes engagiert (der Verein zählt nicht weniger als 630 Mitglieder!) Er brachte uns bei einem kurzweiligen [&hellip;]</p>
