{"id":449,"date":"2017-07-03T19:44:50","date_gmt":"2017-07-03T17:44:50","guid":{"rendered":"http:\/\/gartenkoelsch.de\/?page_id=449"},"modified":"2018-01-16T11:08:03","modified_gmt":"2018-01-16T10:08:03","slug":"19-08-2017-sonne-mond-und-kunstgenuss","status":"publish","type":"page","link":"https:\/\/gartenkoelsch.de\/?page_id=449","title":{"rendered":"19.08.2017: Sonne, Mond und Kunstgenuss"},"content":{"rendered":"<p>Auch in diesem Jahr gab es ein gro\u00dfartiges Fest im Garten K\u00f6lsch:<br \/>\nSamstag, 19.08.17: &#8222;Sonne, Mond und Kunstgenuss &#8211;<br \/>\nein Sommersamstag im Garten K\u00f6lsch&#8220;<\/p>\n<p><a href=\"http:\/\/gartenkoelsch.de\/wp-content\/uploads\/2018\/01\/FestSMK2017-1.jpg\"><img loading=\"lazy\" decoding=\"async\" class=\"alignnone size-full wp-image-477\" src=\"http:\/\/gartenkoelsch.de\/wp-content\/uploads\/2018\/01\/FestSMK2017-1.jpg\" alt=\"\" width=\"900\" height=\"600\" srcset=\"https:\/\/gartenkoelsch.de\/wp-content\/uploads\/2018\/01\/FestSMK2017-1.jpg 900w, https:\/\/gartenkoelsch.de\/wp-content\/uploads\/2018\/01\/FestSMK2017-1-300x200.jpg 300w, https:\/\/gartenkoelsch.de\/wp-content\/uploads\/2018\/01\/FestSMK2017-1-768x512.jpg 768w, https:\/\/gartenkoelsch.de\/wp-content\/uploads\/2018\/01\/FestSMK2017-1-624x416.jpg 624w\" sizes=\"auto, (max-width: 900px) 100vw, 900px\" \/><\/a> <a href=\"http:\/\/gartenkoelsch.de\/wp-content\/uploads\/2018\/01\/FestSMK2017-2.jpg\"><img loading=\"lazy\" decoding=\"async\" class=\"alignnone size-large wp-image-478\" src=\"http:\/\/gartenkoelsch.de\/wp-content\/uploads\/2018\/01\/FestSMK2017-2.jpg\" alt=\"\" width=\"625\" height=\"417\" srcset=\"https:\/\/gartenkoelsch.de\/wp-content\/uploads\/2018\/01\/FestSMK2017-2.jpg 900w, https:\/\/gartenkoelsch.de\/wp-content\/uploads\/2018\/01\/FestSMK2017-2-300x200.jpg 300w, https:\/\/gartenkoelsch.de\/wp-content\/uploads\/2018\/01\/FestSMK2017-2-768x512.jpg 768w, https:\/\/gartenkoelsch.de\/wp-content\/uploads\/2018\/01\/FestSMK2017-2-624x416.jpg 624w\" sizes=\"auto, (max-width: 625px) 100vw, 625px\" \/><\/a><\/p>\n","protected":false},"excerpt":{"rendered":"<p>Auch in diesem Jahr gab es ein gro\u00dfartiges Fest im Garten K\u00f6lsch: Samstag, 19.08.17: &#8222;Sonne, Mond und Kunstgenuss &#8211; ein Sommersamstag im Garten K\u00f6lsch&#8220;<\/p>\n","protected":false},"author":1,"featured_media":0,"parent":0,"menu_order":0,"comment_status":"closed","ping_status":"closed","template":"","meta":{"footnotes":""},"class_list":["post-449","page","type-page","status-publish","hentry"],"_links":{"self":[{"href":"https:\/\/gartenkoelsch.de\/index.php?rest_route=\/wp\/v2\/pages\/449","targetHints":{"allow":["GET"]}}],"collection":[{"href":"https:\/\/gartenkoelsch.de\/index.php?rest_route=\/wp\/v2\/pages"}],"about":[{"href":"https:\/\/gartenkoelsch.de\/index.php?rest_route=\/wp\/v2\/types\/page"}],"author":[{"embeddable":true,"href":"https:\/\/gartenkoelsch.de\/index.php?rest_route=\/wp\/v2\/users\/1"}],"replies":[{"embeddable":true,"href":"https:\/\/gartenkoelsch.de\/index.php?rest_route=%2Fwp%2Fv2%2Fcomments&post=449"}],"version-history":[{"count":8,"href":"https:\/\/gartenkoelsch.de\/index.php?rest_route=\/wp\/v2\/pages\/449\/revisions"}],"predecessor-version":[{"id":481,"href":"https:\/\/gartenkoelsch.de\/index.php?rest_route=\/wp\/v2\/pages\/449\/revisions\/481"}],"wp:attachment":[{"href":"https:\/\/gartenkoelsch.de\/index.php?rest_route=%2Fwp%2Fv2%2Fmedia&parent=449"}],"curies":[{"name":"wp","href":"https:\/\/api.w.org\/{rel}","templated":true}]}}

<p>Auch in diesem Jahr gab es ein großartiges Fest im Garten Kölsch:<br />
Samstag, 19.08.17: &#8222;Sonne, Mond und Kunstgenuss &#8211;<br />
ein Sommersamstag im Garten Kölsch&#8220;</p>
<p><a href="http://gartenkoelsch.de/wp-content/uploads/2018/01/FestSMK2017-1.jpg"><img loading="lazy" decoding="async" class="alignnone size-full wp-image-477" src="http://gartenkoelsch.de/wp-content/uploads/2018/01/FestSMK2017-1.jpg" alt="" width="900" height="600" srcset="https://gartenkoelsch.de/wp-content/uploads/2018/01/FestSMK2017-1.jpg 900w, https://gartenkoelsch.de/wp-content/uploads/2018/01/FestSMK2017-1-300x200.jpg 300w, https://gartenkoelsch.de/wp-content/uploads/2018/01/FestSMK2017-1-768x512.jpg 768w, https://gartenkoelsch.de/wp-content/uploads/2018/01/FestSMK2017-1-624x416.jpg 624w" sizes="auto, (max-width: 900px) 100vw, 900px" /></a> <a href="http://gartenkoelsch.de/wp-content/uploads/2018/01/FestSMK2017-2.jpg"><img loading="lazy" decoding="async" class="alignnone size-large wp-image-478" src="http://gartenkoelsch.de/wp-content/uploads/2018/01/FestSMK2017-2.jpg" alt="" width="625" height="417" srcset="https://gartenkoelsch.de/wp-content/uploads/2018/01/FestSMK2017-2.jpg 900w, https://gartenkoelsch.de/wp-content/uploads/2018/01/FestSMK2017-2-300x200.jpg 300w, https://gartenkoelsch.de/wp-content/uploads/2018/01/FestSMK2017-2-768x512.jpg 768w, https://gartenkoelsch.de/wp-content/uploads/2018/01/FestSMK2017-2-624x416.jpg 624w" sizes="auto, (max-width: 625px) 100vw, 625px" /></a></p>

<p>Auch in diesem Jahr gab es ein großartiges Fest im Garten Kölsch: Samstag, 19.08.17: &#8222;Sonne, Mond und Kunstgenuss &#8211; ein Sommersamstag im Garten Kölsch&#8220;</p>
