{"id":74,"date":"2015-03-11T14:33:11","date_gmt":"2015-03-11T13:33:11","guid":{"rendered":"http:\/\/gartenkoelsch.de\/gartenkoelsch\/?page_id=74"},"modified":"2015-07-24T17:13:43","modified_gmt":"2015-07-24T15:13:43","slug":"aktivitaeten","status":"publish","type":"page","link":"https:\/\/gartenkoelsch.de\/?page_id=74","title":{"rendered":"Besuch des Staudensichtungsgarten Hermannshof in Weinheim Juli 2012"},"content":{"rendered":"<p><a href=\"http:\/\/gartenkoelsch.de\/wp-content\/uploads\/2015\/03\/26130113.jpg\"><img loading=\"lazy\" decoding=\"async\" class=\"alignnone size-full wp-image-78\" src=\"http:\/\/gartenkoelsch.de\/wp-content\/uploads\/2015\/03\/26130113.jpg\" alt=\"26130113\" width=\"599\" height=\"298\" srcset=\"https:\/\/gartenkoelsch.de\/wp-content\/uploads\/2015\/03\/26130113.jpg 599w, https:\/\/gartenkoelsch.de\/wp-content\/uploads\/2015\/03\/26130113-300x149.jpg 300w\" sizes=\"auto, (max-width: 599px) 100vw, 599px\" \/><\/a><\/p>\n<p>Wie schon im Vorjahr f\u00fchrte der Ausflug der Pflegegruppe des Garten K\u00f6lsch wieder nach Weinheim zum Staudensichtungsgarten Herrmannshof. Dort spendierte das B\u00fcrgerforum Steinernes Haus &#8211; F\u00f6rderkreis Altstadt B\u00fcdingen e.V. als kleines Dankesch\u00f6n an die treuen Helfer eine F\u00fchrung durch die sehr beeindruckenden Staudenpflanzungen, die dort unter Aspekten von \u00c4sthetik und Pflegeintensit\u00e4t angelegt wurden. Der 2,2 ha gro\u00dfe Garten ist im Besitz der Industriellenfamilie Freudenberg, die den Garten seit 1983 der \u00d6ffentlichkeit zug\u00e4nglich macht.<\/p>\n<p>Nach geselligem Beisammensein in der Altstadt von Weinheim fuhr man wieder mit vielen Anregungen nach Hause.<\/p>\n<p>&nbsp;<\/p>\n","protected":false},"excerpt":{"rendered":"<p>Wie schon im Vorjahr f\u00fchrte der Ausflug der Pflegegruppe des Garten K\u00f6lsch wieder nach Weinheim zum Staudensichtungsgarten Herrmannshof. Dort spendierte das B\u00fcrgerforum Steinernes Haus &#8211; F\u00f6rderkreis Altstadt B\u00fcdingen e.V. als kleines Dankesch\u00f6n an die treuen Helfer eine F\u00fchrung durch die sehr beeindruckenden Staudenpflanzungen, die dort unter Aspekten von \u00c4sthetik und Pflegeintensit\u00e4t angelegt wurden. Der 2,2 [&hellip;]<\/p>\n","protected":false},"author":1,"featured_media":0,"parent":0,"menu_order":0,"comment_status":"closed","ping_status":"closed","template":"","meta":{"footnotes":""},"class_list":["post-74","page","type-page","status-publish","hentry"],"_links":{"self":[{"href":"https:\/\/gartenkoelsch.de\/index.php?rest_route=\/wp\/v2\/pages\/74","targetHints":{"allow":["GET"]}}],"collection":[{"href":"https:\/\/gartenkoelsch.de\/index.php?rest_route=\/wp\/v2\/pages"}],"about":[{"href":"https:\/\/gartenkoelsch.de\/index.php?rest_route=\/wp\/v2\/types\/page"}],"author":[{"embeddable":true,"href":"https:\/\/gartenkoelsch.de\/index.php?rest_route=\/wp\/v2\/users\/1"}],"replies":[{"embeddable":true,"href":"https:\/\/gartenkoelsch.de\/index.php?rest_route=%2Fwp%2Fv2%2Fcomments&post=74"}],"version-history":[{"count":10,"href":"https:\/\/gartenkoelsch.de\/index.php?rest_route=\/wp\/v2\/pages\/74\/revisions"}],"predecessor-version":[{"id":279,"href":"https:\/\/gartenkoelsch.de\/index.php?rest_route=\/wp\/v2\/pages\/74\/revisions\/279"}],"wp:attachment":[{"href":"https:\/\/gartenkoelsch.de\/index.php?rest_route=%2Fwp%2Fv2%2Fmedia&parent=74"}],"curies":[{"name":"wp","href":"https:\/\/api.w.org\/{rel}","templated":true}]}}