{"id":80,"date":"2015-03-11T14:36:15","date_gmt":"2015-03-11T13:36:15","guid":{"rendered":"http:\/\/gartenkoelsch.de\/gartenkoelsch\/?page_id=80"},"modified":"2017-07-03T19:46:15","modified_gmt":"2017-07-03T17:46:15","slug":"aktitvitaeten","status":"publish","type":"page","link":"https:\/\/gartenkoelsch.de\/?page_id=80","title":{"rendered":"Aktivit\u00e4ten"},"content":{"rendered":"<p>Hier finden Sie Vermischtes: unsere Neuigkeiten und Aktivit\u00e4ten au\u00dfer der Reihe.<\/p>\n<ul>\n<li class=\"entry-title\"><a href=\"http:\/\/gartenkoelsch.de\/?page_id=449\">Vormerken: 19.08.2017 Sonne, Mond und Kunstgenuss<\/a><\/li>\n<li class=\"entry-title\"><a href=\"http:\/\/gartenkoelsch.de\/?page_id=344\">05.09.2016 Helferfest<\/a><\/li>\n<li class=\"entry-title\"><a href=\"http:\/\/gartenkoelsch.de\/?page_id=347\">23.07.2016 Gail\u2018scher Park<\/a><\/li>\n<li class=\"entry-title\"><a href=\"http:\/\/gartenkoelsch.de\/?page_id=363\">17.97.2016: Lesereise der Frankfurter Allgemeine Zeitung in den Garten K\u00f6lsch<\/a><\/li>\n<li class=\"entry-title\"><a href=\"http:\/\/gartenkoelsch.de\/?page_id=325\">4. Juni 2016: Sonne, Mond und Kunstgenuss, ein Tag f\u00fcr alle Sinne, anl\u00e4sslich des B\u00fcdinger Weinfestes<\/a><\/li>\n<li class=\"entry-title\"><a href=\"http:\/\/gartenkoelsch.de\/?page_id=304\">Hessisches Umweltministerium f\u00f6rdert den Garten K\u00f6lsch<\/a><\/li>\n<li class=\"entry-title\">Das Helferfest wird am Montag, den 24.08.2015 um 17.00 Uhr stattfinden.<\/li>\n<li class=\"entry-title\">Unsere\u00a0 gemeinsame\u00a0 Fahrt\u00a0 wird\u00a0 uns\u00a0 in\u00a0 diesem\u00a0 Jahr\u00a0 am\u00a0 n\u00e4chsten\u00a0 Samstag<br \/>\n25.07.2015 nach Alzenau f\u00fchren. Abfahrt ist um 9.00 Uhr am Altstadtparkplatz.<\/li>\n<li class=\"entry-title\"><a href=\"http:\/\/gartenkoelsch.de\/?page_id=260\">Besuch der Landesgartenschau 2014<\/a><\/li>\n<li class=\"entry-title\"><a href=\"http:\/\/gartenkoelsch.de\/?page_id=267\">Helferfest 2014<\/a><\/li>\n<li class=\"entry-title\"><a title=\"Besuch des Staudensichtungsgarten Hermannshof in Weinheim Juli 2012\" href=\"http:\/\/gartenkoelsch.de\/?page_id=74\">Besuch des Staudensichtungsgarten Hermannshof in Weinheim Juli 2012<\/a><\/li>\n<li class=\"entry-title\"><a title=\"Tag der offenen Gartenpforte 2010\" href=\"http:\/\/gartenkoelsch.de\/?page_id=88\">Tag der offenen Gartenpforte 2010<\/a><\/li>\n<li class=\"entry-title\"><a title=\"Das neue Infopult ist da!\" href=\"http:\/\/gartenkoelsch.de\/?page_id=91\">April 2010: Das Infopult ist da!<\/a><\/li>\n<\/ul>\n<p><a href=\"http:\/\/gartenkoelsch.de\/wp-content\/uploads\/2015\/03\/14051271.jpg\"><img loading=\"lazy\" decoding=\"async\" class=\"alignnone wp-image-92 size-full\" src=\"http:\/\/gartenkoelsch.de\/wp-content\/uploads\/2015\/03\/14051271.jpg\" alt=\"14051271\" width=\"600\" height=\"400\" srcset=\"https:\/\/gartenkoelsch.de\/wp-content\/uploads\/2015\/03\/14051271.jpg 600w, https:\/\/gartenkoelsch.de\/wp-content\/uploads\/2015\/03\/14051271-300x200.jpg 300w\" sizes=\"auto, (max-width: 600px) 100vw, 600px\" \/><\/a><\/p>\n<p>&nbsp;<\/p>\n","protected":false},"excerpt":{"rendered":"<p>Hier finden Sie Vermischtes: unsere Neuigkeiten und Aktivit\u00e4ten au\u00dfer der Reihe. Vormerken: 19.08.2017 Sonne, Mond und Kunstgenuss 05.09.2016 Helferfest 23.07.2016 Gail\u2018scher Park 17.97.2016: Lesereise der Frankfurter Allgemeine Zeitung in den Garten K\u00f6lsch 4. Juni 2016: Sonne, Mond und Kunstgenuss, ein Tag f\u00fcr alle Sinne, anl\u00e4sslich des B\u00fcdinger Weinfestes Hessisches Umweltministerium f\u00f6rdert den Garten K\u00f6lsch Das [&hellip;]<\/p>\n","protected":false},"author":1,"featured_media":0,"parent":0,"menu_order":0,"comment_status":"closed","ping_status":"closed","template":"","meta":{"footnotes":""},"class_list":["post-80","page","type-page","status-publish","hentry"],"_links":{"self":[{"href":"https:\/\/gartenkoelsch.de\/index.php?rest_route=\/wp\/v2\/pages\/80","targetHints":{"allow":["GET"]}}],"collection":[{"href":"https:\/\/gartenkoelsch.de\/index.php?rest_route=\/wp\/v2\/pages"}],"about":[{"href":"https:\/\/gartenkoelsch.de\/index.php?rest_route=\/wp\/v2\/types\/page"}],"author":[{"embeddable":true,"href":"https:\/\/gartenkoelsch.de\/index.php?rest_route=\/wp\/v2\/users\/1"}],"replies":[{"embeddable":true,"href":"https:\/\/gartenkoelsch.de\/index.php?rest_route=%2Fwp%2Fv2%2Fcomments&post=80"}],"version-history":[{"count":26,"href":"https:\/\/gartenkoelsch.de\/index.php?rest_route=\/wp\/v2\/pages\/80\/revisions"}],"predecessor-version":[{"id":452,"href":"https:\/\/gartenkoelsch.de\/index.php?rest_route=\/wp\/v2\/pages\/80\/revisions\/452"}],"wp:attachment":[{"href":"https:\/\/gartenkoelsch.de\/index.php?rest_route=%2Fwp%2Fv2%2Fmedia&parent=80"}],"curies":[{"name":"wp","href":"https:\/\/api.w.org\/{rel}","templated":true}]}}

Aktivitäten

<p>Hier finden Sie Vermischtes: unsere Neuigkeiten und Aktivitäten außer der Reihe.</p>
<ul>
<li class="entry-title"><a href="http://gartenkoelsch.de/?page_id=449">Vormerken: 19.08.2017 Sonne, Mond und Kunstgenuss</a></li>
<li class="entry-title"><a href="http://gartenkoelsch.de/?page_id=344">05.09.2016 Helferfest</a></li>
<li class="entry-title"><a href="http://gartenkoelsch.de/?page_id=347">23.07.2016 Gail‘scher Park</a></li>
<li class="entry-title"><a href="http://gartenkoelsch.de/?page_id=363">17.97.2016: Lesereise der Frankfurter Allgemeine Zeitung in den Garten Kölsch</a></li>
<li class="entry-title"><a href="http://gartenkoelsch.de/?page_id=325">4. Juni 2016: Sonne, Mond und Kunstgenuss, ein Tag für alle Sinne, anlässlich des Büdinger Weinfestes</a></li>
<li class="entry-title"><a href="http://gartenkoelsch.de/?page_id=304">Hessisches Umweltministerium fördert den Garten Kölsch</a></li>
<li class="entry-title">Das Helferfest wird am Montag, den 24.08.2015 um 17.00 Uhr stattfinden.</li>
<li class="entry-title">Unsere  gemeinsame  Fahrt  wird  uns  in  diesem  Jahr  am  nächsten  Samstag<br />
25.07.2015 nach Alzenau führen. Abfahrt ist um 9.00 Uhr am Altstadtparkplatz.</li>
<li class="entry-title"><a href="http://gartenkoelsch.de/?page_id=260">Besuch der Landesgartenschau 2014</a></li>
<li class="entry-title"><a href="http://gartenkoelsch.de/?page_id=267">Helferfest 2014</a></li>
<li class="entry-title"><a title="Besuch des Staudensichtungsgarten Hermannshof in Weinheim Juli 2012" href="http://gartenkoelsch.de/?page_id=74">Besuch des Staudensichtungsgarten Hermannshof in Weinheim Juli 2012</a></li>
<li class="entry-title"><a title="Tag der offenen Gartenpforte 2010" href="http://gartenkoelsch.de/?page_id=88">Tag der offenen Gartenpforte 2010</a></li>
<li class="entry-title"><a title="Das neue Infopult ist da!" href="http://gartenkoelsch.de/?page_id=91">April 2010: Das Infopult ist da!</a></li>
</ul>
<p><a href="http://gartenkoelsch.de/wp-content/uploads/2015/03/14051271.jpg"><img loading="lazy" decoding="async" class="alignnone wp-image-92 size-full" src="http://gartenkoelsch.de/wp-content/uploads/2015/03/14051271.jpg" alt="14051271" width="600" height="400" srcset="https://gartenkoelsch.de/wp-content/uploads/2015/03/14051271.jpg 600w, https://gartenkoelsch.de/wp-content/uploads/2015/03/14051271-300x200.jpg 300w" sizes="auto, (max-width: 600px) 100vw, 600px" /></a></p>
<p>&nbsp;</p>

<p>Hier finden Sie Vermischtes: unsere Neuigkeiten und Aktivitäten außer der Reihe. Vormerken: 19.08.2017 Sonne, Mond und Kunstgenuss 05.09.2016 Helferfest 23.07.2016 Gail‘scher Park 17.97.2016: Lesereise der Frankfurter Allgemeine Zeitung in den Garten Kölsch 4. Juni 2016: Sonne, Mond und Kunstgenuss, ein Tag für alle Sinne, anlässlich des Büdinger Weinfestes Hessisches Umweltministerium fördert den Garten Kölsch Das [&hellip;]</p>
