{"id":91,"date":"2015-03-11T14:41:25","date_gmt":"2015-03-11T13:41:25","guid":{"rendered":"http:\/\/gartenkoelsch.de\/gartenkoelsch\/?page_id=91"},"modified":"2015-07-24T17:28:41","modified_gmt":"2015-07-24T15:28:41","slug":"das-neue-infopult-ist-da","status":"publish","type":"page","link":"https:\/\/gartenkoelsch.de\/?page_id=91","title":{"rendered":"April 2010: Das Infopult ist da!"},"content":{"rendered":"<p><a href=\"http:\/\/gartenkoelsch.de\/wp-content\/uploads\/2015\/03\/14051271.jpg\"><img loading=\"lazy\" decoding=\"async\" class=\"alignnone wp-image-92 size-full\" src=\"http:\/\/gartenkoelsch.de\/wp-content\/uploads\/2015\/03\/14051271.jpg\" alt=\"14051271\" width=\"600\" height=\"400\" srcset=\"https:\/\/gartenkoelsch.de\/wp-content\/uploads\/2015\/03\/14051271.jpg 600w, https:\/\/gartenkoelsch.de\/wp-content\/uploads\/2015\/03\/14051271-300x200.jpg 300w\" sizes=\"auto, (max-width: 600px) 100vw, 600px\" \/><\/a><\/p>\n<p>Endlich konnte kurz vor Ostern die Tafel mit Informationen zur Bepflanzung im Garten K\u00f6lsch aufgestellt werden.<\/p>\n<p>Im\u00a0 Foto umrahmen einige Helfer der Pflegegruppe das Infopult, das von Judith Musch und Anette Sch\u00f6tt konzipiert, und mit Geldern des B\u00fcrgerforums Steinernes Haus, F\u00f6rderkreis Altstadt B\u00fcdingen e.V., finanziert wurde.<\/p>\n<p>Hier finden interessierte Besucher des Gartens Informationen zur Bepflanzung des Gartens, die \u00fcber das Internet weiter vertieft werden k\u00f6nnen.<\/p>\n<h3>Info:<\/h3>\n<p>Wir haben unter dem Men\u00fcpunkt &#8222;<a title=\"Infopult\" href=\"http:\/\/gartenkoelsch.de\/?page_id=127\">Infopult<\/a>&#8220; alle Pflanzen in Wort und Bild hinterlegt, die im Garten K\u00f6lsch gepflanzt sind.<\/p>\n","protected":false},"excerpt":{"rendered":"<p>Endlich konnte kurz vor Ostern die Tafel mit Informationen zur Bepflanzung im Garten K\u00f6lsch aufgestellt werden. Im\u00a0 Foto umrahmen einige Helfer der Pflegegruppe das Infopult, das von Judith Musch und Anette Sch\u00f6tt konzipiert, und mit Geldern des B\u00fcrgerforums Steinernes Haus, F\u00f6rderkreis Altstadt B\u00fcdingen e.V., finanziert wurde. Hier finden interessierte Besucher des Gartens Informationen zur Bepflanzung [&hellip;]<\/p>\n","protected":false},"author":1,"featured_media":0,"parent":80,"menu_order":0,"comment_status":"closed","ping_status":"closed","template":"","meta":{"footnotes":""},"class_list":["post-91","page","type-page","status-publish","hentry"],"_links":{"self":[{"href":"https:\/\/gartenkoelsch.de\/index.php?rest_route=\/wp\/v2\/pages\/91","targetHints":{"allow":["GET"]}}],"collection":[{"href":"https:\/\/gartenkoelsch.de\/index.php?rest_route=\/wp\/v2\/pages"}],"about":[{"href":"https:\/\/gartenkoelsch.de\/index.php?rest_route=\/wp\/v2\/types\/page"}],"author":[{"embeddable":true,"href":"https:\/\/gartenkoelsch.de\/index.php?rest_route=\/wp\/v2\/users\/1"}],"replies":[{"embeddable":true,"href":"https:\/\/gartenkoelsch.de\/index.php?rest_route=%2Fwp%2Fv2%2Fcomments&post=91"}],"version-history":[{"count":9,"href":"https:\/\/gartenkoelsch.de\/index.php?rest_route=\/wp\/v2\/pages\/91\/revisions"}],"predecessor-version":[{"id":285,"href":"https:\/\/gartenkoelsch.de\/index.php?rest_route=\/wp\/v2\/pages\/91\/revisions\/285"}],"up":[{"embeddable":true,"href":"https:\/\/gartenkoelsch.de\/index.php?rest_route=\/wp\/v2\/pages\/80"}],"wp:attachment":[{"href":"https:\/\/gartenkoelsch.de\/index.php?rest_route=%2Fwp%2Fv2%2Fmedia&parent=91"}],"curies":[{"name":"wp","href":"https:\/\/api.w.org\/{rel}","templated":true}]}}